{"id":1133,"date":"2022-06-10T15:11:22","date_gmt":"2022-06-10T15:11:22","guid":{"rendered":"http:\/\/thedre.imag.fr\/?page_id=1133"},"modified":"2022-06-10T15:12:55","modified_gmt":"2022-06-10T15:12:55","slug":"seminaire-hep-fribourg","status":"publish","type":"page","link":"https:\/\/thedre.imag.fr\/?page_id=1133","title":{"rendered":"S\u00e9minaire HEP Fribourg &#8211; Juin 2022"},"content":{"rendered":"\n<p>Les notions de cadres th\u00e9oriques, d\u2019\u00e9tat de l\u2019art&nbsp; scientifique, de  positionnement, de travaux connexes, de mod\u00e8les d\u2019analyses sont des  outils pour construire d\u2019une part une probl\u00e9matique et identifier des  manques auxquels la recherche peut apporter des  contributions. Ces diff\u00e9rentes dimensions sont importantes dans toutes  disciplines. Cependant dans le cadre d\u2019un travail au c\u0153ur de plusieurs  disciplines, le sens et la finalit\u00e9 de ces concepts ne sont pas toujours  partag\u00e9s.&nbsp; Cette m\u00e9connaissance entraine  parfois des difficult\u00e9s pour co-\u00e9laborer des projets de recherche. De  plus, la confusion entre ces termes met parfois en difficult\u00e9 les  doctorant.e.s. L\u2019objectif de l\u2019intervention est de montrer les  diff\u00e9rences de lecture de ces \u00e9l\u00e9ments et de proposer une  vision partag\u00e9e. Ce sera aussi l&#8217;occasion de pr\u00e9senter la m\u00e9thode  THEDRE qui offre des outils pour piloter sa th\u00e8se dont l&#8217;un d&#8217;entre eux  facilite la synth\u00e8se de l&#8217;\u00e9tat de l&#8217;art . <\/p>\n\n\n\n<p><a href=\"http:\/\/thedre.imag.fr\/wp-content\/uploads\/2022\/06\/EA_CT_Methode_mandran_al_2022_V2.pdf\">Pr\u00e9sentation disponible ici <\/a><\/p>\n\n\n\n<p><\/p>\n","protected":false},"excerpt":{"rendered":"<p>Les notions de cadres th\u00e9oriques, d\u2019\u00e9tat de l\u2019art&nbsp; scientifique, de positionnement, de travaux connexes, de mod\u00e8les d\u2019analyses sont des outils pour construire d\u2019une part une probl\u00e9matique et identifier des manques auxquels la recherche peut apporter des contributions. Ces diff\u00e9rentes dimensions sont importantes dans toutes disciplines. Cependant dans le cadre d\u2019un travail au c\u0153ur de plusieurs &hellip; <a href=\"https:\/\/thedre.imag.fr\/?page_id=1133\" class=\"more-link\">Continue reading<span class=\"screen-reader-text\"> &#8220;S\u00e9minaire HEP Fribourg &#8211; Juin 2022&#8221;<\/span><\/a><\/p>\n","protected":false},"author":1,"featured_media":0,"parent":0,"menu_order":0,"comment_status":"closed","ping_status":"closed","template":"","meta":{"footnotes":""},"class_list":["post-1133","page","type-page","status-publish","hentry"],"_links":{"self":[{"href":"https:\/\/thedre.imag.fr\/index.php?rest_route=\/wp\/v2\/pages\/1133","targetHints":{"allow":["GET"]}}],"collection":[{"href":"https:\/\/thedre.imag.fr\/index.php?rest_route=\/wp\/v2\/pages"}],"about":[{"href":"https:\/\/thedre.imag.fr\/index.php?rest_route=\/wp\/v2\/types\/page"}],"author":[{"embeddable":true,"href":"https:\/\/thedre.imag.fr\/index.php?rest_route=\/wp\/v2\/users\/1"}],"replies":[{"embeddable":true,"href":"https:\/\/thedre.imag.fr\/index.php?rest_route=%2Fwp%2Fv2%2Fcomments&post=1133"}],"version-history":[{"count":2,"href":"https:\/\/thedre.imag.fr\/index.php?rest_route=\/wp\/v2\/pages\/1133\/revisions"}],"predecessor-version":[{"id":1137,"href":"https:\/\/thedre.imag.fr\/index.php?rest_route=\/wp\/v2\/pages\/1133\/revisions\/1137"}],"wp:attachment":[{"href":"https:\/\/thedre.imag.fr\/index.php?rest_route=%2Fwp%2Fv2%2Fmedia&parent=1133"}],"curies":[{"name":"wp","href":"https:\/\/api.w.org\/{rel}","templated":true}]}}

Séminaire HEP Fribourg &#8211; Juin 2022

<p>Les notions de cadres théoriques, d’état de l’art&nbsp; scientifique, de  positionnement, de travaux connexes, de modèles d’analyses sont des  outils pour construire d’une part une problématique et identifier des  manques auxquels la recherche peut apporter des  contributions. Ces différentes dimensions sont importantes dans toutes  disciplines. Cependant dans le cadre d’un travail au cœur de plusieurs  disciplines, le sens et la finalité de ces concepts ne sont pas toujours  partagés.&nbsp; Cette méconnaissance entraine  parfois des difficultés pour co-élaborer des projets de recherche. De  plus, la confusion entre ces termes met parfois en difficulté les  doctorant.e.s. L’objectif de l’intervention est de montrer les  différences de lecture de ces éléments et de proposer une  vision partagée. Ce sera aussi l&#8217;occasion de présenter la méthode  THEDRE qui offre des outils pour piloter sa thèse dont l&#8217;un d&#8217;entre eux  facilite la synthèse de l&#8217;état de l&#8217;art . </p>



<p><a href="http://thedre.imag.fr/wp-content/uploads/2022/06/EA_CT_Methode_mandran_al_2022_V2.pdf">Présentation disponible ici </a></p>



<p></p>

<p>Les notions de cadres théoriques, d’état de l’art&nbsp; scientifique, de positionnement, de travaux connexes, de modèles d’analyses sont des outils pour construire d’une part une problématique et identifier des manques auxquels la recherche peut apporter des contributions. Ces différentes dimensions sont importantes dans toutes disciplines. Cependant dans le cadre d’un travail au cœur de plusieurs &hellip; <a href="https://thedre.imag.fr/?page_id=1133" class="more-link">Continue reading<span class="screen-reader-text"> &#8220;Séminaire HEP Fribourg &#8211; Juin 2022&#8221;</span></a></p>
