{"id":859,"date":"2020-12-08T10:50:36","date_gmt":"2020-12-08T10:50:36","guid":{"rendered":"http:\/\/thedre.imag.fr\/?page_id=859"},"modified":"2022-11-21T16:32:18","modified_gmt":"2022-11-21T16:32:18","slug":"parcours-et-distinctions","status":"publish","type":"page","link":"https:\/\/thedre.imag.fr\/?page_id=859","title":{"rendered":"Distinctions, Parcours et formation"},"content":{"rendered":"\n\n\n<div class=\"wp-block-columns has-2-columns is-layout-flex wp-container-core-columns-is-layout-9d6595d7 wp-block-columns-is-layout-flex\">\n<div class=\"wp-block-column is-layout-flow wp-block-column-is-layout-flow\">\n<b><font size=\"5\">Distinctions<\/font><\/b><br>\nChevalier de l&#8217;Ordre National du M\u00e9rite &#8211; 2017<br><b><a href=\"https:\/\/www.cnrs.fr\/fr\/personne\/nadine-mandran\"> \nM\u00e9daille de Cristal du CNRS &#8211; 2016<br>\n<\/div>\n\n\n\n<div class=\"wp-block-column is-layout-flow wp-block-column-is-layout-flow\">\n<figure class=\"wp-block-image is-resized\"><img loading=\"lazy\" decoding=\"async\" src=\"http:\/\/thedre.imag.fr\/wp-content\/uploads\/2020\/12\/talent_CNRS-1.png\" alt=\"\" class=\"wp-image-915\" width=\"191\" height=\"147\" srcset=\"https:\/\/thedre.imag.fr\/wp-content\/uploads\/2020\/12\/talent_CNRS-1.png 579w, https:\/\/thedre.imag.fr\/wp-content\/uploads\/2020\/12\/talent_CNRS-1-300x231.png 300w\" sizes=\"auto, (max-width: 191px) 85vw, 191px\" \/><\/figure>\n\n\n\n<p><\/p>\n<\/div>\n<\/div>\n\n\n\n<b><font size=\"5\">Parcours professionnel<\/font><\/b><br>\n<font size=\"4\"><b>2009 \u00e0 ce jour<\/b> Ing\u00e9nieur de recherche en m\u00e9thodes de production et d&#8217;analyse des donn\u00e9es, CNRS, Laboratoire Informatique de Grenoble (LIG), 420 personnes. <\/font> <b><a href=\"https:\/\/thedre.imag.fr\/?page_id=807\"> Activit\u00e9s actuelles de Nadine Mandran<\/a><\/b><br><br>\n\n<font size=\"4\"><b>Activit\u00e9s pass\u00e9es<\/b><br> <\/font>\n<b>Laboratoire Informatique de Grenoble (LIG), <\/b><br>\n&#8211; 2011-2019 : Charg\u00e9 de mission &#8220;Support et Qualit\u00e9&#8221; au LIG<br><\/font>\n&#8211; 2011-2018 :  Responsable de la conception et du d\u00e9veloppement d\u2019une plateforme pour la capitalisation et l\u2019analyse des donn\u00e9es spatio-temporelles (encadrements de 3 Ing\u00e9nieurs)<br>\n&#8211; <b>Programmes nationaux et projets industriels<\/b><br>\n CDP Trajectories (2017-2020) \u2013 CDP LabBook (2016-2019) &#8211; ANR Hubble (2015-2019), IKATS (industriel 2015-2017), ANR MOCA (2011- 2015), ANR Monao (2010-2014), ANR TELEOS (2010-2006), FUI Appsgate (2011-2014), Percurisk (R\u00e9gion 2011-2013).<br>\n&#8211; <b>Mission \u00e0 l\u2019\u00e9tranger<\/b> <br>Expertise pour accompagner le d\u00e9veloppement d\u2019une plate-forme de gestion de formation universitaire d\u00e9centralis\u00e9e et pour former des \u00e9tudiants de l\u2019Ecole Sup\u00e9rieure d\u2019Infotronique d\u2019Haiti. (01\/2016-12\/2017).<br><br>\n<b>2005-2008<\/b> Ing\u00e9nieur en gestion de projets pour la production et analyse de donn\u00e9es,CNRS, CLIPS,Equipe Multicom, 10 personnes<br>\n&#8211; Projets Industriels : Michelin, A\u00e9rospatiale, Mus\u00e9e Guimet, Mus\u00e9um Grenoble. Projets Recherche : ANR Dynemo 2006-2009, projet national TRANSAT.<br><br>\n<b>2001-2005<\/b> Ing\u00e9nieur en gestion de projets pour la production et analyse de donn\u00e9es, CNRS, Institut d\u2019\u00e9tudes politique de Grenoble, 40 personnes.<br>\nProjets : Responsable du terrain de l\u2019enqu\u00eate \u00ab European Social Survey \u00bb (ESS) pour la France. Travail en lien avec Bruno Cautres (Charg\u00e9 de recherche, CEVIPOF Paris), responsable fran\u00e7ais du projet, collaboration avec les chercheurs du CEVIPOF et avec les autres laboratoires des 24 pays impliqu\u00e9s.<br><br>\n<b>1993-2001<\/b> Technicienne de recherche, INRA, Economie et Sociologie Rurales, Grenoble, 20 personnes. Projet Projet europ\u00e9en \u00ab Agrireg \u00bb, en charge de la conception et du d\u00e9veloppement d\u2019une base de donn\u00e9es pluridisciplinaires. Collaboration avec le porteur du projet (INRA Versailles), les\nservices d\u2019Eurostat et les membres europ\u00e9ens du projet. Projet national \u00abEtudier l\u2019impact de la formation des doctorants dans l\u2019industrie des Biotechnologies \u00bb : Responsable du terrain d\u2019enqu\u00eate et du traitement des donn\u00e9es. Collaboration\navec le service des RH de l\u2019INRA et l\u2019Association Bernard Gregory.<br><br>\n<b>1983-1992<\/b>  Technicienne de recherche en production et analyse de donn\u00e9es, INRA, Zootechnie INA Paris Grignon, (10 personnes). <br>\n\n\n\n<p><br><\/p>\n\n\n\n<b><font size=\"5\">Formations<\/font><\/b><br>\n2017, <b>Doctorat, Sp\u00e9cialit\u00e9 Informatique<\/b>. \u00ab THEDRE : Langage et M\u00e9thode de conduite de la recherche. Traceable Human Experiment Design REsearch \u00bb . Soutenue le 24 mars 2017.<br><br>\n1999-2000, <b>DESS \u00ab Production et Gestion de l\u2019Information en Sciences Sociales \u00bb<\/b>. Institut d\u2018Etudes Politiques, Grenoble. Rapport de DESS : \u00ab Deux approches de la m\u00e9thode qualitative appliqu\u00e9e \u00e0 la logique de parcours professionnels des cadres \u00bb. Ecole de Management de Lyon.<br><br>\n1981-1983, <b>Dipl\u00f4me Universitaire de Technologie en Statistiques<\/b>, IUT II Grenoble. <br><br>\n2008, \u00abD\u00e9marche qualit\u00e9 en recherche\u00bb, 15 jours, CNRS Arcachon.<br><br>\n\n\n\n<p><\/p>\n","protected":false},"excerpt":{"rendered":"<p>Distinctions Chevalier de l&#8217;Ordre National du M\u00e9rite &#8211; 2017 M\u00e9daille de Cristal du CNRS &#8211; 2016 Parcours professionnel 2009 \u00e0 ce jour Ing\u00e9nieur de recherche en m\u00e9thodes de production et d&#8217;analyse des donn\u00e9es, CNRS, Laboratoire Informatique de Grenoble (LIG), 420 personnes. Activit\u00e9s actuelles de Nadine Mandran Activit\u00e9s pass\u00e9es Laboratoire Informatique de Grenoble (LIG), &#8211; 2011-2019 &hellip; <a href=\"https:\/\/thedre.imag.fr\/?page_id=859\" class=\"more-link\">Continue reading<span class=\"screen-reader-text\"> &#8220;Distinctions, Parcours et formation&#8221;<\/span><\/a><\/p>\n","protected":false},"author":1,"featured_media":0,"parent":0,"menu_order":0,"comment_status":"closed","ping_status":"closed","template":"","meta":{"footnotes":""},"class_list":["post-859","page","type-page","status-publish","hentry"],"_links":{"self":[{"href":"https:\/\/thedre.imag.fr\/index.php?rest_route=\/wp\/v2\/pages\/859","targetHints":{"allow":["GET"]}}],"collection":[{"href":"https:\/\/thedre.imag.fr\/index.php?rest_route=\/wp\/v2\/pages"}],"about":[{"href":"https:\/\/thedre.imag.fr\/index.php?rest_route=\/wp\/v2\/types\/page"}],"author":[{"embeddable":true,"href":"https:\/\/thedre.imag.fr\/index.php?rest_route=\/wp\/v2\/users\/1"}],"replies":[{"embeddable":true,"href":"https:\/\/thedre.imag.fr\/index.php?rest_route=%2Fwp%2Fv2%2Fcomments&post=859"}],"version-history":[{"count":55,"href":"https:\/\/thedre.imag.fr\/index.php?rest_route=\/wp\/v2\/pages\/859\/revisions"}],"predecessor-version":[{"id":1188,"href":"https:\/\/thedre.imag.fr\/index.php?rest_route=\/wp\/v2\/pages\/859\/revisions\/1188"}],"wp:attachment":[{"href":"https:\/\/thedre.imag.fr\/index.php?rest_route=%2Fwp%2Fv2%2Fmedia&parent=859"}],"curies":[{"name":"wp","href":"https:\/\/api.w.org\/{rel}","templated":true}]}}